hundred thousands digit of 897011?
8
What is the ten thousands digit of 27256832?
5
What is the units digit of 206203?
3
What is the hundreds digit of 658014?
0
What is the hundred thousands digit of 29615631?
6
What is the thousands digit of 1996456?
6
What is the hundreds digit of 20269351?
3
What is the tens digit of 3565564?
6
What is the hundred thousands digit of 381574?
3
What is the thousands digit of 3008464?
8
What is the thousands digit of 211299?
1
What is the units digit of 1966897?
7
What is the hundred thousands digit of 7271248?
2
What is the ten thousands digit of 17348296?
4
What is the ten thousands digit of 2996646?
9
What is the millions digit of 3608914?
3
What is the ten thousands digit of 1495504?
9
What is the hundreds digit of 14518448?
4
What is the hundred thousands digit of 573237?
5
What is the hundreds digit of 586885?
8
What is the hundreds digit of 3483534?
5
What is the hundreds digit of 6356905?
9
What is the thousands digit of 269226?
9
What is the millions digit of 1012497?
1
What is the hundred thousands digit of 388878?
3
What is the units digit of 1895373?
3
What is the thousands digit of 11128?
1
What is the hundreds digit of 746351?
3
What is the hundred thousands digit of 487324?
4
What is the units digit of 84954?
4
What is the hundred thousands digit of 288177?
2
What is the hundreds digit of 6697513?
5
What is the thousands digit of 26926208?
6
What is the hundreds digit of 177671?
6
What is the tens digit of 13016620?
2
What is the hundreds digit of 6542326?
3
What is the hundred thousands digit of 3436894?
4
What is the units digit of 165907?
7
What is the units digit of 587190?
0
What is the units digit of 651711?
1
What is the units digit of 5251718?
8
What is the hundreds digit of 2403662?
6
What is the hundreds digit of 14947007?
0
What is the millions digit of 4592194?
4
What is the thousands digit of 820006?
0
What is the units digit of 1392343?
3
What is the hundreds digit of 1112802?
8
What is the ten millions digit of 11236940?
1
What is the thousands digit of 170543?
0
What is the hundreds digit of 1842166?
1
What is the ten millions digit of 18509205?
1
What is the hundred thousands digit of 3901178?
9
What is the millions digit of 5437848?
5
What is the hundreds digit of 39089?
0
What is the thousands digit of 65576?
5
What is the units digit of 680133?
3
What is the ten thousands digit of 1927922?
2
What is the tens digit of 264524?
2
What is the thousands digit of 2064699?
4
What is the hundreds digit of 3740638?
6
What is the hundreds digit of 7340738?
7
What is the millions digit of 3372993?
3
What is the hundreds digit of 79871?
8
What is the hundreds digit of 440176?
1
What is the ten millions digit of 14933264?
1
What is the millions digit of 8634945?
8
What is the units digit of 131041?
1
What is the millions digit of 1921528?
1
What is the units digit of 113837?
7
What is the hundreds digit of 903724?
7
What is the hundreds digit of 281300?
3
What is the hundreds digit of 72994?
9
What is the hundreds digit of 1384017?
0
What is the millions digit of 8887087?
8
What is the hundred thousands digit of 216469?
2
What is the tens digit of 4789321?
2
What is the ten thousands digit of 3344927?
4
What is the units digit of 21104401?
1
What is the thousands digit of 406255?
6
What is the hundreds digit of 707361?
3
What is the ten thousands digit of 220120?
2
What is the hundreds digit of 48199?
1
What is the ten thousands digit of 16473622?
7
What is the millions digit of 2602507?
2
What is the thousands digit of 10114820?
4
What is the units digit of 8933895?
5
What is the hundreds digit of 420095?
0
What is the tens digit of 73106?
0
What is the thousands digit of 544890?
4
What is the thousands digit of 2793652?
3
What is the thousands digit of 641525?
1
What is the ten thousands digit of 714491?
1
What is the ten thousands digit of 26883175?
8
What is the hundreds digit of 4181?
1
What is the tens digit of 1452084?
8
What is the ten thousands digit of 11056792?
5
What is the ten thousands digit of 6896034?
9
What is the hundred thousands digit of 2262302?
2
What is the tens digit of 894232?
3
What is the ten thousands digit of 6851911?
5
What is the thousands digit of 4182753?
2
What is the units digit of 5316034?
4
What is the tens digit of 408919?
1
What is the hundreds digit of 3807015?
0
What is the thousands digit of 13102907?
2
What is the millions digit of 14069717?
4
What is the hundreds digit of 88921?
9
What is the units digit of 368270?
0
What is the ten thousands digit of 3109597?
0
What is the hundred thousands digit of 1810169?
8
What is the millions digit of 4045644?
4
What is the hundreds digit of 109266?
2
What is the hundreds digit of 7362159?
1
What is the thousands digit of 319535?
9
What is the units digit of 1997911?
1
What is the tens digit of 2221690?
9
What is the thousands digit of 3289513?
9
What is the tens digit of 212972?
7
What is the units digit of 12178515?
5
What is the hundred thousands digit of 4911091?
9
What is the ten thousands digit of 147831?
4
What is the thousands digit of 18748971?
8
What is the ten thousands digit of 198361?
9
What is the tens digit of 672898?
9
What is the tens digit of 111488?
8
What is the tens digit of 1469299?
9
What is the tens digit of 5187590?
9
What is the hundred thousands digit of 505211?
5
What is the tens digit of 222913?
1
What is the millions digit of 3043001?
3
What is the hundred thousands digit of 151288?
1
What is the units digit of 2506794?
4
What is the hundred thousands digit of 5468941?
4
What is the ten thousands digit of 1443253?
4
What is the ten thousands digit of 407372?
0
What is the hundred thousands digit of 108930?
1
What is the tens digit of 229442?
4
What is the units digit of 630931?
1
What is the hundreds digit of 131919?
9
What is the units digit of 349708?
8
What is the thousands digit of 18137894?
7
What is the tens digit of 70355?
5
What is the tens digit of 200568?
6
What is the tens digit of 61285?
8
What is the units digit of 934416?
6
What is the thousands digit of 4801?
4
What is the hundred thousands digit of 6090319?
0
What is the ten thousands digit of 519583?
1
What is the units digit of 256714?
4
What is the hundred thousands digit of 16606450?
6
What is the ten thousands digit of 20236678?
3
What is the thousands digit of 8407327?
7
What is the ten thousands digit of 6804359?
0
What is the ten thousands digit of 3474730?
7
What is the thousands digit of 170636?
0
What is the units digit of 136752?
2
What is the thousands digit of 2168870?
8
What is the tens digit of 496032?
3
What is the hundreds digit of 293642?
6
What is the hundreds digit of 1189246?
2
What is the hundred thousands digit of 107380?
1
What is the units digit of 1438233?
3
What is the ten thousands digit of 2854779?
5
What is the tens digit of 5548205?
0
What is the ten thousands digit of 3741577?
4
What is the hundreds digit of 9026143?
1
What is the ten thousands digit of 62228?
6
What is the tens digit of 474381?
8
What is the ten thousands digit of 239878?
3
What is the thousands digit of 5778170?
8
What is the hundred thousands digit of 2400262?
4
What is the ten thousands digit of 593500?
9
What is the thousands digit of 30132?
0
What is the ten thousands digit of 16981960?
8
What is the tens digit of 56736?
3
What is the tens digit of 166524?
2
What is the hundred thousands digit of 121708?
1
What is the hundred thousands digit of 11865085?
8
What is the hundred thousands digit of 154644?
1
What is the hundred thousands digit of 1293144?
2
What is the thousands digit of 582553?
2
What is the hundred thousands digit of 231558?
2
What is the hundreds digit of 4536813?
8
What is the units digit of 13092520?
0
What is the ten thousands digit of 528878?
2
What is the units digit of 1455341?
1
What is the thousands digit of 935029?
5
What is the ten thousands digit of 67317?
6
What is the millions digit of 16410100?
6
What is the hundreds digit of 12221228?
2
What is the units digit of 952193?
3
What is the units digit of 2388143?
3
What is the hundreds digit of 377?
3
What is the hundreds digit of 885?
8
What is the thousands digit of 466109?
6
What is the hundred thousands digit of 4711874?
